{"id":1853,"date":"2024-10-04T17:48:39","date_gmt":"2024-10-04T20:48:39","guid":{"rendered":"https:\/\/jornalofatual.ufsc.br\/?page_id=1853"},"modified":"2024-10-04T17:58:40","modified_gmt":"2024-10-04T20:58:40","slug":"2023-1","status":"publish","type":"page","link":"https:\/\/jornalofatual.ufsc.br\/index.php\/quem-somos\/2023-1\/","title":{"rendered":"2023.1"},"content":{"rendered":"\n<h2 class=\"wp-block-heading has-large-font-size\">2023.1<\/h2>\n\n\n\n<div class=\"wp-block-group\"><div class=\"wp-block-group__inner-container is-layout-constrained wp-block-group-is-layout-constrained\">\n<blockquote class=\"wp-block-quote is-style-default is-layout-flow wp-block-quote-is-layout-flow\">\n<p><strong>Editores-chefes e monitores:<\/strong> <\/p>\n\n\n\n<p>Kalil Oliveira e Vit\u00f3rya Navegantes<\/p>\n\n\n\n<p><strong>Rep\u00f3rteres e estudantes: <\/strong><\/p>\n\n\n\n<p>Brenda Gasparetto<\/p>\n\n\n\n<p>Duda Souza<\/p>\n\n\n\n<p>Fernanda Zwirtes<\/p>\n\n\n\n<p>Gabriel Christen<\/p>\n\n\n\n<p>Giovanni Ribeiro<\/p>\n\n\n\n<p>Isabelle Fudal<\/p>\n\n\n\n<p>Jo\u00e3o Pedro Martins<\/p>\n\n\n\n<p>Lara Apolin\u00e1rio<\/p>\n\n\n\n<p>Lethicia Siqueira<\/p>\n\n\n\n<p>Luiza Vianna<\/p>\n\n\n\n<p>Maria Clara Sebben<\/p>\n\n\n\n<p>Maria Isabel Miranda<\/p>\n\n\n\n<p>Maria Vict\u00f3ria Sampaio<\/p>\n\n\n\n<p>Pietra Simioni<\/p>\n\n\n\n<p>Rafaela Azevedo<\/p>\n\n\n\n<p>Vin\u00edcius Graton<\/p>\n<\/blockquote>\n\n\n\n<p><\/p>\n<\/div><\/div>\n","protected":false},"excerpt":{"rendered":"<p>2023.1 Editores-chefes e monitores: Kalil Oliveira e Vit\u00f3rya Navegantes Rep\u00f3rteres e estudantes: Brenda Gasparetto Duda Souza Fernanda Zwirtes Gabriel Christen Giovanni Ribeiro Isabelle Fudal Jo\u00e3o Pedro Martins Lara Apolin\u00e1rio Lethicia Siqueira Luiza Vianna Maria Clara Sebben Maria Isabel Miranda Maria Vict\u00f3ria Sampaio Pietra Simioni Rafaela Azevedo Vin\u00edcius Graton<\/p>\n","protected":false},"author":1,"featured_media":0,"parent":36,"menu_order":0,"comment_status":"closed","ping_status":"closed","template":"","meta":{"footnotes":""},"class_list":["post-1853","page","type-page","status-publish","hentry"],"yoast_head":"<!-- This site is optimized with the Yoast SEO plugin v22.9 - https:\/\/yoast.com\/wordpress\/plugins\/seo\/ -->\n<title>2023.1 - O Fatual<\/title>\n<meta name=\"robots\" content=\"index, follow, max-snippet:-1, max-image-preview:large, max-video-preview:-1\" \/>\n<link rel=\"canonical\" href=\"https:\/\/jornalofatual.ufsc.br\/index.php\/quem-somos\/2023-1\/\" \/>\n<meta property=\"og:locale\" content=\"pt_BR\" \/>\n<meta property=\"og:type\" content=\"article\" \/>\n<meta property=\"og:title\" content=\"2023.1 - O Fatual\" \/>\n<meta property=\"og:description\" content=\"2023.1 Editores-chefes e monitores: Kalil Oliveira e Vit\u00f3rya Navegantes Rep\u00f3rteres e estudantes: Brenda Gasparetto Duda Souza Fernanda Zwirtes Gabriel Christen Giovanni Ribeiro Isabelle Fudal Jo\u00e3o Pedro Martins Lara Apolin\u00e1rio Lethicia Siqueira Luiza Vianna Maria Clara Sebben Maria Isabel Miranda Maria Vict\u00f3ria Sampaio Pietra Simioni Rafaela Azevedo Vin\u00edcius Graton\" \/>\n<meta property=\"og:url\" content=\"https:\/\/jornalofatual.ufsc.br\/index.php\/quem-somos\/2023-1\/\" \/>\n<meta property=\"og:site_name\" content=\"O Fatual\" \/>\n<meta property=\"article:modified_time\" content=\"2024-10-04T20:58:40+00:00\" \/>\n<meta name=\"twitter:card\" content=\"summary_large_image\" \/>\n<meta name=\"twitter:label1\" content=\"Est. tempo de leitura\" \/>\n\t<meta name=\"twitter:data1\" content=\"1 minuto\" \/>\n<script type=\"application\/ld+json\" class=\"yoast-schema-graph\">{\"@context\":\"https:\/\/schema.org\",\"@graph\":[{\"@type\":\"WebPage\",\"@id\":\"https:\/\/jornalofatual.ufsc.br\/index.php\/quem-somos\/2023-1\/\",\"url\":\"https:\/\/jornalofatual.ufsc.br\/index.php\/quem-somos\/2023-1\/\",\"name\":\"2023.1 - O Fatual\",\"isPartOf\":{\"@id\":\"https:\/\/jornalofatual.ufsc.br\/#website\"},\"datePublished\":\"2024-10-04T20:48:39+00:00\",\"dateModified\":\"2024-10-04T20:58:40+00:00\",\"breadcrumb\":{\"@id\":\"https:\/\/jornalofatual.ufsc.br\/index.php\/quem-somos\/2023-1\/#breadcrumb\"},\"inLanguage\":\"pt-BR\",\"potentialAction\":[{\"@type\":\"ReadAction\",\"target\":[\"https:\/\/jornalofatual.ufsc.br\/index.php\/quem-somos\/2023-1\/\"]}]},{\"@type\":\"BreadcrumbList\",\"@id\":\"https:\/\/jornalofatual.ufsc.br\/index.php\/quem-somos\/2023-1\/#breadcrumb\",\"itemListElement\":[{\"@type\":\"ListItem\",\"position\":1,\"name\":\"In\u00edcio\",\"item\":\"https:\/\/jornalofatual.ufsc.br\/\"},{\"@type\":\"ListItem\",\"position\":2,\"name\":\"QUEM SOMOS\",\"item\":\"https:\/\/jornalofatual.ufsc.br\/index.php\/quem-somos\/\"},{\"@type\":\"ListItem\",\"position\":3,\"name\":\"2023.1\"}]},{\"@type\":\"WebSite\",\"@id\":\"https:\/\/jornalofatual.ufsc.br\/#website\",\"url\":\"https:\/\/jornalofatual.ufsc.br\/\",\"name\":\"O Fatual\",\"description\":\"Jornalismo UFSC\",\"potentialAction\":[{\"@type\":\"SearchAction\",\"target\":{\"@type\":\"EntryPoint\",\"urlTemplate\":\"https:\/\/jornalofatual.ufsc.br\/?s={search_term_string}\"},\"query-input\":\"required name=search_term_string\"}],\"inLanguage\":\"pt-BR\"}]}<\/script>\n<!-- \/ Yoast SEO plugin. -->","yoast_head_json":{"title":"2023.1 - O Fatual","robots":{"index":"index","follow":"follow","max-snippet":"max-snippet:-1","max-image-preview":"max-image-preview:large","max-video-preview":"max-video-preview:-1"},"canonical":"https:\/\/jornalofatual.ufsc.br\/index.php\/quem-somos\/2023-1\/","og_locale":"pt_BR","og_type":"article","og_title":"2023.1 - O Fatual","og_description":"2023.1 Editores-chefes e monitores: Kalil Oliveira e Vit\u00f3rya Navegantes Rep\u00f3rteres e estudantes: Brenda Gasparetto Duda Souza Fernanda Zwirtes Gabriel Christen Giovanni Ribeiro Isabelle Fudal Jo\u00e3o Pedro Martins Lara Apolin\u00e1rio Lethicia Siqueira Luiza Vianna Maria Clara Sebben Maria Isabel Miranda Maria Vict\u00f3ria Sampaio Pietra Simioni Rafaela Azevedo Vin\u00edcius Graton","og_url":"https:\/\/jornalofatual.ufsc.br\/index.php\/quem-somos\/2023-1\/","og_site_name":"O Fatual","article_modified_time":"2024-10-04T20:58:40+00:00","twitter_card":"summary_large_image","twitter_misc":{"Est. tempo de leitura":"1 minuto"},"schema":{"@context":"https:\/\/schema.org","@graph":[{"@type":"WebPage","@id":"https:\/\/jornalofatual.ufsc.br\/index.php\/quem-somos\/2023-1\/","url":"https:\/\/jornalofatual.ufsc.br\/index.php\/quem-somos\/2023-1\/","name":"2023.1 - O Fatual","isPartOf":{"@id":"https:\/\/jornalofatual.ufsc.br\/#website"},"datePublished":"2024-10-04T20:48:39+00:00","dateModified":"2024-10-04T20:58:40+00:00","breadcrumb":{"@id":"https:\/\/jornalofatual.ufsc.br\/index.php\/quem-somos\/2023-1\/#breadcrumb"},"inLanguage":"pt-BR","potentialAction":[{"@type":"ReadAction","target":["https:\/\/jornalofatual.ufsc.br\/index.php\/quem-somos\/2023-1\/"]}]},{"@type":"BreadcrumbList","@id":"https:\/\/jornalofatual.ufsc.br\/index.php\/quem-somos\/2023-1\/#breadcrumb","itemListElement":[{"@type":"ListItem","position":1,"name":"In\u00edcio","item":"https:\/\/jornalofatual.ufsc.br\/"},{"@type":"ListItem","position":2,"name":"QUEM SOMOS","item":"https:\/\/jornalofatual.ufsc.br\/index.php\/quem-somos\/"},{"@type":"ListItem","position":3,"name":"2023.1"}]},{"@type":"WebSite","@id":"https:\/\/jornalofatual.ufsc.br\/#website","url":"https:\/\/jornalofatual.ufsc.br\/","name":"O Fatual","description":"Jornalismo UFSC","potentialAction":[{"@type":"SearchAction","target":{"@type":"EntryPoint","urlTemplate":"https:\/\/jornalofatual.ufsc.br\/?s={search_term_string}"},"query-input":"required name=search_term_string"}],"inLanguage":"pt-BR"}]}},"_links":{"self":[{"href":"https:\/\/jornalofatual.ufsc.br\/index.php\/wp-json\/wp\/v2\/pages\/1853","targetHints":{"allow":["GET"]}}],"collection":[{"href":"https:\/\/jornalofatual.ufsc.br\/index.php\/wp-json\/wp\/v2\/pages"}],"about":[{"href":"https:\/\/jornalofatual.ufsc.br\/index.php\/wp-json\/wp\/v2\/types\/page"}],"author":[{"embeddable":true,"href":"https:\/\/jornalofatual.ufsc.br\/index.php\/wp-json\/wp\/v2\/users\/1"}],"replies":[{"embeddable":true,"href":"https:\/\/jornalofatual.ufsc.br\/index.php\/wp-json\/wp\/v2\/comments?post=1853"}],"version-history":[{"count":1,"href":"https:\/\/jornalofatual.ufsc.br\/index.php\/wp-json\/wp\/v2\/pages\/1853\/revisions"}],"predecessor-version":[{"id":1854,"href":"https:\/\/jornalofatual.ufsc.br\/index.php\/wp-json\/wp\/v2\/pages\/1853\/revisions\/1854"}],"up":[{"embeddable":true,"href":"https:\/\/jornalofatual.ufsc.br\/index.php\/wp-json\/wp\/v2\/pages\/36"}],"wp:attachment":[{"href":"https:\/\/jornalofatual.ufsc.br\/index.php\/wp-json\/wp\/v2\/media?parent=1853"}],"curies":[{"name":"wp","href":"https:\/\/api.w.org\/{rel}","templated":true}]}}